 = -48 - -69. Calculate the highest common factor of l and 7.
7
Let r(m) = m**2 - 8*m + 2. Suppose 4*c - 2*w = -w + 36, c + 3*w = 9. Let i be r(c). What is the highest common divisor of 121 and i?
11
Let s = 0 + 3. Suppose 0 = 3*b - 9, 0*r + 5*b = s*r - 9. Suppose 3*p = -5*f - 0*f + 86, -f + 14 = -p. Calculate the greatest common factor of r and f.
8
Suppose 10*d - 5*d - 75 = -5*p, -2*d - 4*p + 20 = 0. Suppose 0*i = -5*m - 3*i + d, -3*m + 4*i = 17. What is the greatest common divisor of m and 4?
1
Let a = 17 - -7. What is the highest common factor of 18 and a?
6
Let q(d) = d**3 + 7*d**2 + 4*d - 1. Let k(b) = -b**3 - 7*b**2 + b + 1. Let u be k(-7). Let g be q(u). What is the greatest common divisor of 99 and g?
11
Let g(o) = o**3 - 4. Let u(h) = -3*h**3 - h**2 - h + 13. Let a(r) = 7*g(r) + 2*u(r). Let c be a(5). What is the greatest common divisor of c and 7?
7
Let u be (-6)/(-3)*(1 + 3 + 11). Calculate the greatest common divisor of u and 20.
10
Let b(z) = z**3 + 7*z**2 - z. Let t be b(-5). Let o = 60 - 55. Calculate the greatest common factor of t and o.
5
Let g = -6 - -10. Suppose -2*o + u + 47 = 0, 0*o + o = -2*u + 26. Let p = o - g. Calculate the highest common factor of p and 50.
10
Let g be 1/(-1 - 33/(-32)). Calculate the highest common divisor of g and 8.
8
Suppose -7 = -3*i + 8. Suppose 3*z + 0 = 60. What is the highest common divisor of z and i?
5
Suppose -69 = -3*p + 5*l, -2*l - 78 = -4*p - 0*l. Calculate the greatest common divisor of p and 126.
18
Let w(y) = y**3 + 9*y**2 + 4*y - 7. Let b be w(-8). Calculate the greatest common divisor of b and 5.
5
Suppose -j - 2*j = 4*g - 33, -2*j - 34 = -2*g. Let v be (-6)/9 - 77/(-3). Suppose 3*l + 1 = v. What is the greatest common factor of l and g?
4
Let v(p) = 16*p**3 - 2*p**2 + 2. Let i be v(2). Suppose -3*m - 62 = -2*m. Let c = i + m. What is the greatest common divisor of c and 24?
12
Let k = 30 - 2. Suppose -z - 4 = 0, -81 = -4*i - z + 79. Let m = i - k. Calculate the greatest common factor of 39 and m.
13
Suppose 3*q - 4*q + 5*m - 9 = 0, q + m - 15 = 0. Let l(z) = z**3 - 4*z**2 - 3*z + 1. Let f be l(5). Calculate the highest common divisor of f and q.
11
Let g be 591/18*-2*6. Let o = g - -669. Calculate the highest common divisor of 25 and o.
25
Suppose i + 2 - 30 = 0. Suppose -7 = -5*j + i. Calculate the greatest common divisor of j and 77.
7
Suppose 131 = 6*m + 11. Calculate the greatest common factor of 20 and m.
20
Let y(g) = -g**3 + 12*g**2 + g - 11. Let u be y(12). Calculate the highest common divisor of 3 and u.
1
Let s = -126 + 181. What is the greatest common divisor of 5 and s?
5
Suppose 2*l - 4*l = 4. Let t be (l + 3 - -119)*1. What is the greatest common factor of t and 15?
15
Suppose 5*h - 108 + 78 = 0. Suppose 3*p + 47 = 191. Calculate the greatest common divisor of h and p.
6
Let l(w) = w**3 + 5*w**2 - 8*w - 4. Let g(c) = c**2 + 9. Let n be g(0). Let x = -14 + n. Let q be l(x). Calculate the greatest common factor of q and 54.
18
Suppose -16 = -r - 2*o + 205, 5*o = -10. What is the greatest common divisor of r and 25?
25
Let z = 9 - 4. Let p = -4 - -7. Suppose 2*j - p*j = -1. What is the greatest common divisor of j and z?
1
Suppose 5*i + l - 398 = 0, 0 = 2*l - l + 2. Let f(b) = 28*b + 312. Let q be f(-10). What is the highest common divisor of q and i?
16
Let s(x) = -x**2 - 19*x - 34. Let p be s(-14). What is the greatest common factor of p and 9?
9
Let i = 34 + -4. Let y(k) = 19*k**2 + k + 1. Suppose -c + 0*c = 3*l + 10, 2 = 3*l - 2*c. Let m be y(l). What is the highest common factor of m and i?
15
Suppose 4*v - 2*g + 2 = 20, g - 1 = -3*v. What is the greatest common factor of v and 8?
2
Let b = 9 + -5. What is the greatest common factor of 32 and b?
4
Let m = -8 - -3. Let n = m + 18. What is the greatest common factor of 117 and n?
13
Let l(i) = 73*i - 478. Let m be l(7). Let d(f) = -2*f**3 + 1. Let h be d(-1). Calculate the highest common divisor of m and h.
3
Suppose -l - 1 + 3 = 0. Suppose 3*u + 0*u - 15 = 0. Suppose -w = -u*g - 1 + 9, 3*w - 4 = g. What is the highest common divisor of w and l?
2
Let q be (-230)/(-3) - (-2)/6. Let p be 3*(-4)/(-6)*q. What is the greatest common factor of p and 22?
22
Let n be (-2)/6 - (-337)/3. Suppose a - 2*a = -n. Suppose 52*y = 49*y + 48. Calculate the greatest common divisor of y and a.
16
Suppose -2 = -a + 44. What is the highest common divisor of a and 23?
23
Suppose -5 + 3 = g. Let f = g - 2. Let z be (8/6)/(f/(-42)). Calculate the highest common factor of z and 21.
7
Let g(v) = 7*v - 2. Suppose -2*j + 16 = 2*r, -6*r + 2*j = -r - 5. Let b = 5 - r. Let f be g(b). Calculate the highest common divisor of 12 and f.
12
Let o = -17 - -26. Let g = -3 - -4. Calculate the highest common factor of o and g.
1
Suppose -4*a - 4*t = -20, 0 = -3*a - 2*a + 5*t - 5. Suppose 0*j + 6 = -a*j. Let s be (2 - -1)/j + 64. Calculate the highest common divisor of 7 and s.
7
Let y be (-12)/5 + 2/5. Let p be (0 + y)*(1 + -2). Suppose -d = -0*d - p. What is the highest common factor of d and 16?
2
Suppose 0 = 5*z - 4 - 21. Suppose v - 39 = -3*v - p, -36 = -z*v + 3*p. Let j be ((-6)/v)/(3/(-270)). What is the highest common factor of j and 10?
10
Let h be ((-408)/10)/(15/(-50)). Calculate the greatest common factor of h and 17.
17
Suppose 0*z = 2*w - 2*z - 84, -5*z + 195 = 4*w. Let c(p) = 19*p**3 + 5*p**2 - 8*p + 2. Let r be c(1). Calculate the greatest common divisor of r and w.
9
Let i(v) = 15*v**3 + v**2 - 1. Let a be i(-1). Let d be ((-6)/a)/(2/240). What is the highest common divisor of 72 and d?
24
Suppose -2*z - 4*k + 613 = -3*k, -5*z - 3*k = -1533. Calculate the greatest common factor of 34 and z.
34
Let k = 67 + -41. Calculate the greatest common factor of k and 65.
13
Let n = 128 - 73. Suppose 6 = -f + 28. What is the highest common divisor of f and n?
11
Let k = 1 + 9. Suppose -2*d + 3*d - 70 = 0. Calculate the highest common factor of k and d.
10
Suppose -5*a + 10 = 0, 2*a = l + 1 - 16. Let t be 3 + -2 + -3 + l. Calculate the greatest common factor of t and 17.
17
Let n(u) = u**3 - 5*u**2 + 8*u - 10. Let q be n(4). Calculate the greatest common factor of q and 12.
6
Suppose 2*m - 765 = -5*q, 0*m + 4*m + 306 = 2*q. Let v = 6 - 8. Let p be (17/v)/((-11)/22). What is the highest common divisor of q and p?
17
Let y = -235 + 425. What is the greatest common divisor of y and 19?
19
Let y = 101 - 85. What is the greatest common divisor of y and 176?
16
Let p(m) = 56*m**2 + 3*m - 3. Let o be p(3). Let b be ((-12)/9)/((-4)/o). Let r = 57 - 40. Calculate the highest common divisor of b and r.
17
Suppose 3*u = -2*y + 75, -16 = 3*u + 5*y - 82. Calculate the greatest common factor of 135 and u.
27
Let k be ((-20)/(-1))/((-1)/(-1)). Suppose -2 + 7 = b. Suppose 12 = -3*g + b*g - 2*o, 4*o = g - 12. Calculate the highest common divisor of g and k.
4
Let o be (16/(-6))/(2/(-6)). Suppose o*r - 4*r - 40 = 0. Calculate the greatest common factor of 5 and r.
5
Let c be (-20)/(-3)*6/4. What is the greatest common divisor of c and 30?
10
Let j = -20 + 21. What is the highest common divisor of j and 4?
1
Suppose -76 = -3*y - 10. Let p(z) = -2*z - 24. Let o be p(-13). Suppose 165 = -o*c + 5*c. Calculate the greatest common divisor of y and c.
11
Let p be ((-7)/(-14))/((-2)/12). Let r be (1 + -3 - p)*5. Let m(d) = d**2 - 4. Let y be m(3). Calculate the highest common factor of y and r.
5
Let h be 4/18 - 1632/54. Let y be (-27)/6*h/9. What is the highest common divisor of y and 10?
5
Let i = -21 + 42. Calculate the greatest common divisor of 35 and i.
7
Let l be 1*6*12/8. Let s(k) = 2*k**2. Let v be s(6). Calculate the greatest common divisor of v and l.
9
Let r(u) = -2*u + 2. Let b be r(2). Let o be (b - -1)/((-5)/40). What is the greatest common divisor of 56 and o?
8
Let r be 1365/10*(-48)/(-28). Calculate the highest common factor of r and 26.
26
Let x be -6*(0 - 2/4). Suppose 4*v = -i + 21, 0*i + 3*v = 2*i - 75. What is the greatest common divisor of x and i?
3
Let k(b) = 5*b - 1. Let r be k(2). Let u be (-3)/(-6)*6*6. Calculate the highest common divisor of r and u.
9
Let q(z) = z**3 - 4*z**2 + 2*z - 3. Let m be q(4). Suppose 0 = 3*s + 9, -5*n - 21 = 2*s - 140. Calculate the highest common factor of n and m.
5
Let m be (-1)/2*-6*3. Suppose 6*n = 4*n + 12. Su